{"id":308,"date":"2020-10-02T13:27:20","date_gmt":"2020-10-02T13:27:20","guid":{"rendered":"https:\/\/qi2.qodeinteractive.com\/?page_id=308"},"modified":"2026-02-27T23:07:13","modified_gmt":"2026-02-27T23:07:13","slug":"nosotros","status":"publish","type":"page","link":"https:\/\/surtibombas.com\/?page_id=308","title":{"rendered":"Nosotros"},"content":{"rendered":"\t\t<div data-elementor-type=\"wp-page\" data-elementor-id=\"308\" class=\"elementor elementor-308\" data-elementor-post-type=\"page\">\n\t\t\t\t\t\t<section class=\"elementor-section elementor-top-section elementor-element elementor-element-50b1f9ce elementor-section-full_width qodef-elementor-content-grid elementor-section-height-default elementor-section-height-default\" data-id=\"50b1f9ce\" data-element_type=\"section\" data-e-type=\"section\">\n\t\t\t\t\t\t<div class=\"elementor-container elementor-column-gap-no\">\n\t\t\t\t\t<div class=\"elementor-column elementor-col-100 elementor-top-column elementor-element elementor-element-1cda1b02\" data-id=\"1cda1b02\" data-element_type=\"column\" data-e-type=\"column\">\n\t\t\t<div class=\"elementor-widget-wrap elementor-element-populated\">\n\t\t\t\t\t\t<div class=\"elementor-element elementor-element-4262233d elementor-widget elementor-widget-qi_addons_for_elementor_section_title\" data-id=\"4262233d\" data-element_type=\"widget\" data-e-type=\"widget\" data-widget_type=\"qi_addons_for_elementor_section_title.default\">\n\t\t\t\t<div class=\"elementor-widget-container\">\n\t\t\t\t\t<div class=\"qodef-shortcode qodef-m qodef-qi-section-title qodef-decoration--italic qodef-link--underline-draw qodef-subtitle-icon--left\">\n\t\t\t<h3 class=\"qodef-m-title\">\n\t\tL\u00edDERES\t<\/h3>\n\t\t\t\t<p class=\"qodef-m-subtitle\">\n\t\tEn soluciones hidr\u00e1ulicas\t\t\t<\/p>\n\t\t\t<\/div>\n\t\t\t\t<\/div>\n\t\t\t\t<\/div>\n\t\t\t\t<div class=\"elementor-element elementor-element-9aa18df elementor-widget elementor-widget-qi_addons_for_elementor_section_title\" data-id=\"9aa18df\" data-element_type=\"widget\" data-e-type=\"widget\" data-widget_type=\"qi_addons_for_elementor_section_title.default\">\n\t\t\t\t<div class=\"elementor-widget-container\">\n\t\t\t\t\t<div class=\"qodef-shortcode qodef-m qodef-qi-section-title qodef-decoration--italic qodef-link--underline-draw qodef-subtitle-icon--left\">\n\t\t\t\t\t\t<h4 class=\"qodef-m-title\">\n\t\tIngenier\u00eda, experiencia y soluciones confiables\t<\/h4>\n\t\t\t<div class=\"qodef-m-text\"><p>Surtibombas es una empresa especializada en el dise\u00f1o, suministro, instalaci\u00f3n y mantenimiento de sistemas hidr\u00e1ulicos, equipos de bombeo y soluciones electromec\u00e1nicas, orientadas a los sectores industrial, comercial, agroindustrial y residencial.<\/p><p>Con m\u00e1s de 38 a\u00f1os de experiencia, hemos desarrollado soluciones eficientes y duraderas que permiten optimizar el manejo, control y distribuci\u00f3n de fluidos, garantizando el correcto funcionamiento de sistemas cr\u00edticos para infraestructura, procesos industriales y proyectos t\u00e9cnicos especializados.<\/p><p>Nuestra empresa se caracteriza por ofrecer un servicio integral, que abarca desde la asesor\u00eda t\u00e9cnica y el dise\u00f1o del sistema, hasta la implementaci\u00f3n, puesta en marcha y mantenimiento, asegurando soluciones completas adaptadas a las necesidades espec\u00edficas de cada cliente.<\/p><\/div>\n\t<\/div>\n\t\t\t\t<\/div>\n\t\t\t\t<\/div>\n\t\t\t\t<div class=\"elementor-element elementor-element-64f0fc93 elementor-widget elementor-widget-qi_addons_for_elementor_testimonials_list\" data-id=\"64f0fc93\" data-element_type=\"widget\" data-e-type=\"widget\" data-widget_type=\"qi_addons_for_elementor_testimonials_list.default\">\n\t\t\t\t<div class=\"elementor-widget-container\">\n\t\t\t\t\t<div class=\"qodef-shortcode qodef-m qodef-qi-testimonials-list qodef-qi-grid qodef-layout--qi-columns qodef-col-num--3 qodef-item-layout--info-below qodef-responsive--custom qodef-col-num--1680--3 qodef-col-num--1440--3 qodef-col-num--1366--3 qodef-col-num--1024--2 qodef-col-num--768--2 qodef-col-num--680--1 qodef-col-num--480--1\">\n\t<div class=\"qodef-grid-inner\">\n\t\t<div class=\"qodef-e qodef-grid-item elementor-repeater-item-8b5fc35\">\n\t<div class=\"qodef-e-inner\">\n\t\t<div class=\"qodef-e-content\">\n\t\t\t\t<div class=\"qodef-e-quote\">\n\t\t<svg xmlns=\"http:\/\/www.w3.org\/2000\/svg\" xmlns:xlink=\"http:\/\/www.w3.org\/1999\/xlink\" x=\"0px\" y=\"0px\" width=\"17px\" height=\"15px\" viewBox=\"0 0 17 15\" xml:space=\"preserve\" style=\"stroke: transparent;\"><g>\t<path d=\"M5.605,0.934C6.222,1.556,6.53,2.329,6.53,3.253c0,0.481-0.073,0.994-0.217,1.536S5.976,5.964,5.729,6.687   L3.081,15H0.124L2.28,6.324c-0.698-0.2-1.253-0.571-1.663-1.114C0.206,4.668,0,4.017,0,3.253c0-0.964,0.309-1.747,0.925-2.35   C1.54,0.301,2.319,0,3.266,0C4.21,0,4.99,0.312,5.605,0.934z M16.076,0.934C16.692,1.556,17,2.329,17,3.253   c0,0.481-0.071,0.994-0.216,1.536S16.446,5.964,16.2,6.687L13.552,15h-2.957l2.155-8.676c-0.698-0.2-1.253-0.571-1.663-1.114   c-0.41-0.542-0.616-1.193-0.616-1.957c0-0.964,0.309-1.747,0.925-2.35C12.011,0.301,12.791,0,13.735,0S15.461,0.312,16.076,0.934z\"><\/path><\/g><\/svg>\t<\/div>\n\t\t\t\t\t\t\t\t<p itemprop=\"description\" class=\"qodef-e-text\">Lorem ipsum dolor sit amet, consectetur adipiscing elit, sed do eiusmod tempor ut labore et dolore magna aliqua.<\/p>\n\t\t\t\t<div class=\"qodef-e-media-image\">\n\t\t<img decoding=\"async\" width=\"54\" height=\"54\" src=\"https:\/\/surtibombas.com\/wp-content\/uploads\/2020\/09\/testimonial-img-1.jpg\" class=\"attachment-thumbnail size-thumbnail\" alt=\"m\" \/>\t<\/div>\n\t\t\t\t<div class=\"qodef-e-author\">\n\t\t<h6 class=\"qodef-e-author-name\">WANDA CROSS<\/h6>\n\t\t\t\t\t<span class=\"qodef-e-author-job\">Architect<\/span>\n\t\t\t<\/div>\n\t\t<\/div>\n\t<\/div>\n<\/div>\n<div class=\"qodef-e qodef-grid-item elementor-repeater-item-136e91d\">\n\t<div class=\"qodef-e-inner\">\n\t\t<div class=\"qodef-e-content\">\n\t\t\t\t<div class=\"qodef-e-quote\">\n\t\t<svg xmlns=\"http:\/\/www.w3.org\/2000\/svg\" xmlns:xlink=\"http:\/\/www.w3.org\/1999\/xlink\" x=\"0px\" y=\"0px\" width=\"17px\" height=\"15px\" viewBox=\"0 0 17 15\" xml:space=\"preserve\" style=\"stroke: transparent;\"><g>\t<path d=\"M5.605,0.934C6.222,1.556,6.53,2.329,6.53,3.253c0,0.481-0.073,0.994-0.217,1.536S5.976,5.964,5.729,6.687   L3.081,15H0.124L2.28,6.324c-0.698-0.2-1.253-0.571-1.663-1.114C0.206,4.668,0,4.017,0,3.253c0-0.964,0.309-1.747,0.925-2.35   C1.54,0.301,2.319,0,3.266,0C4.21,0,4.99,0.312,5.605,0.934z M16.076,0.934C16.692,1.556,17,2.329,17,3.253   c0,0.481-0.071,0.994-0.216,1.536S16.446,5.964,16.2,6.687L13.552,15h-2.957l2.155-8.676c-0.698-0.2-1.253-0.571-1.663-1.114   c-0.41-0.542-0.616-1.193-0.616-1.957c0-0.964,0.309-1.747,0.925-2.35C12.011,0.301,12.791,0,13.735,0S15.461,0.312,16.076,0.934z\"><\/path><\/g><\/svg>\t<\/div>\n\t\t\t\t\t\t\t\t<p itemprop=\"description\" class=\"qodef-e-text\">Lorem ipsum dolor sit amet, consectetur adipiscing elit, sed do eiusmod tempor ut labore et dolore magna aliqua.<\/p>\n\t\t\t\t<div class=\"qodef-e-media-image\">\n\t\t<img decoding=\"async\" width=\"54\" height=\"54\" src=\"https:\/\/surtibombas.com\/wp-content\/uploads\/2020\/09\/testimonial-img-2.jpg\" class=\"attachment-thumbnail size-thumbnail\" alt=\"\" \/>\t<\/div>\n\t\t\t\t<div class=\"qodef-e-author\">\n\t\t<h6 class=\"qodef-e-author-name\">Elizabeth Hall<\/h6>\n\t\t\t\t\t<span class=\"qodef-e-author-job\">Menager<\/span>\n\t\t\t<\/div>\n\t\t<\/div>\n\t<\/div>\n<\/div>\n<div class=\"qodef-e qodef-grid-item elementor-repeater-item-973891b\">\n\t<div class=\"qodef-e-inner\">\n\t\t<div class=\"qodef-e-content\">\n\t\t\t\t<div class=\"qodef-e-quote\">\n\t\t<svg xmlns=\"http:\/\/www.w3.org\/2000\/svg\" xmlns:xlink=\"http:\/\/www.w3.org\/1999\/xlink\" x=\"0px\" y=\"0px\" width=\"17px\" height=\"15px\" viewBox=\"0 0 17 15\" xml:space=\"preserve\" style=\"stroke: transparent;\"><g>\t<path d=\"M5.605,0.934C6.222,1.556,6.53,2.329,6.53,3.253c0,0.481-0.073,0.994-0.217,1.536S5.976,5.964,5.729,6.687   L3.081,15H0.124L2.28,6.324c-0.698-0.2-1.253-0.571-1.663-1.114C0.206,4.668,0,4.017,0,3.253c0-0.964,0.309-1.747,0.925-2.35   C1.54,0.301,2.319,0,3.266,0C4.21,0,4.99,0.312,5.605,0.934z M16.076,0.934C16.692,1.556,17,2.329,17,3.253   c0,0.481-0.071,0.994-0.216,1.536S16.446,5.964,16.2,6.687L13.552,15h-2.957l2.155-8.676c-0.698-0.2-1.253-0.571-1.663-1.114   c-0.41-0.542-0.616-1.193-0.616-1.957c0-0.964,0.309-1.747,0.925-2.35C12.011,0.301,12.791,0,13.735,0S15.461,0.312,16.076,0.934z\"><\/path><\/g><\/svg>\t<\/div>\n\t\t\t\t\t\t\t\t<p itemprop=\"description\" class=\"qodef-e-text\">Lorem ipsum dolor sit amet, consectetur adipiscing elit, sed do eiusmod tempor ut labore et dolore magna aliqua.<\/p>\n\t\t\t\t<div class=\"qodef-e-media-image\">\n\t\t<img decoding=\"async\" width=\"60\" height=\"60\" src=\"https:\/\/surtibombas.com\/wp-content\/uploads\/2020\/10\/author-img-02.jpg\" class=\"attachment-thumbnail size-thumbnail\" alt=\"m\" \/>\t<\/div>\n\t\t\t\t<div class=\"qodef-e-author\">\n\t\t<h6 class=\"qodef-e-author-name\">Edward Mathis<\/h6>\n\t\t\t\t\t<span class=\"qodef-e-author-job\">Engineer<\/span>\n\t\t\t<\/div>\n\t\t<\/div>\n\t<\/div>\n<\/div>\n\t<\/div>\n<\/div>\n\t\t\t\t<\/div>\n\t\t\t\t<\/div>\n\t\t\t\t\t<\/div>\n\t\t<\/div>\n\t\t\t\t\t<\/div>\n\t\t<\/section>\n\t\t\t\t<section class=\"elementor-section elementor-top-section elementor-element elementor-element-17da3437 elementor-section-full_width qodef-elementor-content-grid qodef-extended-grid qodef-extended-grid--right elementor-section-height-default elementor-section-height-default\" data-id=\"17da3437\" data-element_type=\"section\" data-e-type=\"section\">\n\t\t\t\t\t\t<div class=\"elementor-container elementor-column-gap-no\">\n\t\t\t\t\t<div class=\"elementor-column elementor-col-100 elementor-top-column elementor-element elementor-element-6561ed5\" data-id=\"6561ed5\" data-element_type=\"column\" data-e-type=\"column\">\n\t\t\t<div class=\"elementor-widget-wrap elementor-element-populated\">\n\t\t\t\t\t\t<div class=\"elementor-element elementor-element-5b00dfaa elementor-widget elementor-widget-qi_addons_for_elementor_image_slider\" data-id=\"5b00dfaa\" data-element_type=\"widget\" data-e-type=\"widget\" data-widget_type=\"qi_addons_for_elementor_image_slider.default\">\n\t\t\t\t<div class=\"elementor-widget-container\">\n\t\t\t\t\t<div class=\"qodef-shortcode qodef-m qodef-qi-image-slider qodef-qi-fslightbox-popup qodef-popup-gallery qodef-col-num--2 qodef-qi-grid qodef-qi-swiper-container\" data-options=\"{&quot;direction&quot;:&quot;horizontal&quot;,&quot;slidesPerView&quot;:&quot;2&quot;,&quot;spaceBetween&quot;:20,&quot;spaceBetweenTablet&quot;:20,&quot;spaceBetweenMobile&quot;:20,&quot;effect&quot;:&quot;&quot;,&quot;loop&quot;:true,&quot;autoplay&quot;:true,&quot;centeredSlides&quot;:false,&quot;speed&quot;:&quot;&quot;,&quot;speedAnimation&quot;:&quot;&quot;,&quot;outsideNavigation&quot;:&quot;no&quot;,&quot;outsidePagination&quot;:&quot;no&quot;,&quot;unique&quot;:547,&quot;partialValue&quot;:0,&quot;disablePartialValue&quot;:&quot;&quot;,&quot;parallax&quot;:&quot;no&quot;}\">\n\t<div class=\"swiper-wrapper\">\n\t\t<div class=\"qodef-e swiper-slide\">\n\t<div class=\"qodef-e-inner\">\n\t\t<div class=\"qodef-e-inner-holder\">\n\t\t\t\t\t\t\t<a class=\"qodef-popup-item\" itemprop=\"image\" href=\"https:\/\/surtibombas.com\/wp-content\/uploads\/2020\/10\/home-single-image-05.jpg\" data-type=\"image\" data-fslightbox=\"gallery-547\" data-e-disable-page-transition=\u201dtrue\u201d>\n\t\t\t\t\t\t\t<img loading=\"lazy\" decoding=\"async\" width=\"1300\" height=\"826\" src=\"https:\/\/surtibombas.com\/wp-content\/uploads\/2020\/10\/home-single-image-05.jpg\" class=\"attachment-full size-full\" alt=\"m\" srcset=\"https:\/\/surtibombas.com\/wp-content\/uploads\/2020\/10\/home-single-image-05.jpg 1300w, https:\/\/surtibombas.com\/wp-content\/uploads\/2020\/10\/home-single-image-05-300x191.jpg 300w, https:\/\/surtibombas.com\/wp-content\/uploads\/2020\/10\/home-single-image-05-1024x651.jpg 1024w, https:\/\/surtibombas.com\/wp-content\/uploads\/2020\/10\/home-single-image-05-768x488.jpg 768w\" sizes=\"(max-width: 1300px) 100vw, 1300px\" \/>\t\t\t\t\t\t\t<\/a>\n\t\t\t\t\t<\/div>\n\t<\/div>\n\t<\/div>\n<div class=\"qodef-e swiper-slide\">\n\t<div class=\"qodef-e-inner\">\n\t\t<div class=\"qodef-e-inner-holder\">\n\t\t\t\t\t\t\t<a class=\"qodef-popup-item\" itemprop=\"image\" href=\"https:\/\/surtibombas.com\/wp-content\/uploads\/2020\/10\/home-single-img-4-1.jpg\" data-type=\"image\" data-fslightbox=\"gallery-547\" data-e-disable-page-transition=\u201dtrue\u201d>\n\t\t\t\t\t\t\t<img loading=\"lazy\" decoding=\"async\" width=\"1300\" height=\"826\" src=\"https:\/\/surtibombas.com\/wp-content\/uploads\/2020\/10\/home-single-img-4-1.jpg\" class=\"attachment-full size-full\" alt=\"m\" srcset=\"https:\/\/surtibombas.com\/wp-content\/uploads\/2020\/10\/home-single-img-4-1.jpg 1300w, https:\/\/surtibombas.com\/wp-content\/uploads\/2020\/10\/home-single-img-4-1-300x191.jpg 300w, https:\/\/surtibombas.com\/wp-content\/uploads\/2020\/10\/home-single-img-4-1-1024x651.jpg 1024w, https:\/\/surtibombas.com\/wp-content\/uploads\/2020\/10\/home-single-img-4-1-768x488.jpg 768w\" sizes=\"(max-width: 1300px) 100vw, 1300px\" \/>\t\t\t\t\t\t\t<\/a>\n\t\t\t\t\t<\/div>\n\t<\/div>\n\t<\/div>\n\t<\/div>\n\t<\/div>\n\t\t\t\t<\/div>\n\t\t\t\t<\/div>\n\t\t\t\t\t<\/div>\n\t\t<\/div>\n\t\t\t\t\t<\/div>\n\t\t<\/section>\n\t\t\t\t<section class=\"elementor-section elementor-top-section elementor-element elementor-element-16318535 elementor-section-full_width elementor-section-height-default elementor-section-height-default qodef-elementor-content-no\" data-id=\"16318535\" data-element_type=\"section\" data-e-type=\"section\" data-settings=\"{&quot;background_background&quot;:&quot;classic&quot;}\">\n\t\t\t\t\t\t<div class=\"elementor-container elementor-column-gap-no\">\n\t\t\t\t\t<div class=\"elementor-column elementor-col-25 elementor-top-column elementor-element elementor-element-1695c6ca\" data-id=\"1695c6ca\" data-element_type=\"column\" data-e-type=\"column\">\n\t\t\t<div class=\"elementor-widget-wrap elementor-element-populated\">\n\t\t\t\t\t\t<div class=\"elementor-element elementor-element-cc01f19 elementor-widget elementor-widget-qi_addons_for_elementor_counter\" data-id=\"cc01f19\" data-element_type=\"widget\" data-e-type=\"widget\" data-widget_type=\"qi_addons_for_elementor_counter.default\">\n\t\t\t\t<div class=\"elementor-widget-container\">\n\t\t\t\t\t<div class=\"qodef-shortcode qodef-m qodef-qi-counter qodef-layout--simple qodef-digit-stroke-effect\" data-end-digit=\"38\">\n\t<div class=\"qodef-m-digit-wrapper\">\n\t\t<div class=\"qodef-m-digit\"><\/div>\n\t<\/div>\n\t\t<div class=\"qodef-m-content\">\n\t\t\t<h6 class=\"qodef-m-title\">\n\t\ta\u00f1os\t<\/h6>\n\t\t\t<div class=\"qodef-m-text\">\n\t\tExcepteur sint occaecat cupi datat non sunt in culpa qui\t<\/div>\n\t<\/div>\n<\/div>\n\t\t\t\t<\/div>\n\t\t\t\t<\/div>\n\t\t\t\t\t<\/div>\n\t\t<\/div>\n\t\t\t\t<div class=\"elementor-column elementor-col-25 elementor-top-column elementor-element elementor-element-4b09a82b\" data-id=\"4b09a82b\" data-element_type=\"column\" data-e-type=\"column\">\n\t\t\t<div class=\"elementor-widget-wrap elementor-element-populated\">\n\t\t\t\t\t\t<div class=\"elementor-element elementor-element-634c4006 elementor-widget elementor-widget-qi_addons_for_elementor_counter\" data-id=\"634c4006\" data-element_type=\"widget\" data-e-type=\"widget\" data-widget_type=\"qi_addons_for_elementor_counter.default\">\n\t\t\t\t<div class=\"elementor-widget-container\">\n\t\t\t\t\t<div class=\"qodef-shortcode qodef-m qodef-qi-counter qodef-layout--simple qodef-digit-stroke-effect\" data-end-digit=\"37\">\n\t<div class=\"qodef-m-digit-wrapper\">\n\t\t<div class=\"qodef-m-digit\"><\/div>\n\t<\/div>\n\t\t<div class=\"qodef-m-content\">\n\t\t\t<h6 class=\"qodef-m-title\">\n\t\tProjects\t<\/h6>\n\t\t\t<div class=\"qodef-m-text\">\n\t\tExcepteur sint occaecat cupi datat non sunt in culpa qui\t<\/div>\n\t<\/div>\n<\/div>\n\t\t\t\t<\/div>\n\t\t\t\t<\/div>\n\t\t\t\t\t<\/div>\n\t\t<\/div>\n\t\t\t\t<div class=\"elementor-column elementor-col-25 elementor-top-column elementor-element elementor-element-2831c69\" data-id=\"2831c69\" data-element_type=\"column\" data-e-type=\"column\">\n\t\t\t<div class=\"elementor-widget-wrap elementor-element-populated\">\n\t\t\t\t\t\t<div class=\"elementor-element elementor-element-69450dbd elementor-widget elementor-widget-qi_addons_for_elementor_counter\" data-id=\"69450dbd\" data-element_type=\"widget\" data-e-type=\"widget\" data-widget_type=\"qi_addons_for_elementor_counter.default\">\n\t\t\t\t<div class=\"elementor-widget-container\">\n\t\t\t\t\t<div class=\"qodef-shortcode qodef-m qodef-qi-counter qodef-layout--simple qodef-digit-stroke-effect\" data-end-digit=\"42\">\n\t<div class=\"qodef-m-digit-wrapper\">\n\t\t<div class=\"qodef-m-digit\"><\/div>\n\t<\/div>\n\t\t<div class=\"qodef-m-content\">\n\t\t\t<h6 class=\"qodef-m-title\">\n\t\tPartners\t<\/h6>\n\t\t\t<div class=\"qodef-m-text\">\n\t\tExcepteur sint occaecat cupi datat non sunt in culpa qui\t<\/div>\n\t<\/div>\n<\/div>\n\t\t\t\t<\/div>\n\t\t\t\t<\/div>\n\t\t\t\t\t<\/div>\n\t\t<\/div>\n\t\t\t\t<div class=\"elementor-column elementor-col-25 elementor-top-column elementor-element elementor-element-43a4b54c\" data-id=\"43a4b54c\" data-element_type=\"column\" data-e-type=\"column\">\n\t\t\t<div class=\"elementor-widget-wrap elementor-element-populated\">\n\t\t\t\t\t\t<div class=\"elementor-element elementor-element-5a7ea24f elementor-widget elementor-widget-qi_addons_for_elementor_counter\" data-id=\"5a7ea24f\" data-element_type=\"widget\" data-e-type=\"widget\" data-widget_type=\"qi_addons_for_elementor_counter.default\">\n\t\t\t\t<div class=\"elementor-widget-container\">\n\t\t\t\t\t<div class=\"qodef-shortcode qodef-m qodef-qi-counter qodef-layout--simple qodef-digit-stroke-effect\" data-end-digit=\"29\">\n\t<div class=\"qodef-m-digit-wrapper\">\n\t\t<div class=\"qodef-m-digit\"><\/div>\n\t<\/div>\n\t\t<div class=\"qodef-m-content\">\n\t\t\t<h6 class=\"qodef-m-title\">\n\t\tTeams\t<\/h6>\n\t\t\t<div class=\"qodef-m-text\">\n\t\tExcepteur sint occaecat cupi datat non sunt in culpa qui\t<\/div>\n\t<\/div>\n<\/div>\n\t\t\t\t<\/div>\n\t\t\t\t<\/div>\n\t\t\t\t\t<\/div>\n\t\t<\/div>\n\t\t\t\t\t<\/div>\n\t\t<\/section>\n\t\t\t\t<section class=\"elementor-section elementor-top-section elementor-element elementor-element-8b3a42e elementor-section-full_width elementor-section-height-default elementor-section-height-default qodef-elementor-content-no\" data-id=\"8b3a42e\" data-element_type=\"section\" data-e-type=\"section\" data-settings=\"{&quot;background_background&quot;:&quot;classic&quot;}\">\n\t\t\t\t\t\t<div class=\"elementor-container elementor-column-gap-no\">\n\t\t\t\t\t<div class=\"elementor-column elementor-col-100 elementor-top-column elementor-element elementor-element-44281d06\" data-id=\"44281d06\" data-element_type=\"column\" data-e-type=\"column\">\n\t\t\t<div class=\"elementor-widget-wrap elementor-element-populated\">\n\t\t\t\t\t\t<div class=\"elementor-element elementor-element-66cd1532 elementor-widget elementor-widget-qi_addons_for_elementor_section_title\" data-id=\"66cd1532\" data-element_type=\"widget\" data-e-type=\"widget\" data-widget_type=\"qi_addons_for_elementor_section_title.default\">\n\t\t\t\t<div class=\"elementor-widget-container\">\n\t\t\t\t\t<div class=\"qodef-shortcode qodef-m qodef-qi-section-title qodef-decoration--italic qodef-link--underline-draw qodef-subtitle-icon--left\">\n\t\t\t\t\t\t<h1 class=\"qodef-m-title\">\n\t\tBuild A Better <\/br>Tomorrow today\t<\/h1>\n\t\t\t<\/div>\n\t\t\t\t<\/div>\n\t\t\t\t<\/div>\n\t\t\t\t<div class=\"elementor-element elementor-element-35a6f9a0 elementor-widget__width-auto elementor-widget elementor-widget-qi_addons_for_elementor_button\" data-id=\"35a6f9a0\" data-element_type=\"widget\" data-e-type=\"widget\" data-widget_type=\"qi_addons_for_elementor_button.default\">\n\t\t\t\t<div class=\"elementor-widget-container\">\n\t\t\t\t\t<a class=\"qodef-shortcode qodef-m qodef-qi-button qodef-html--link qodef-layout--filled qodef-type--standard qodef-icon--right qodef-hover--icon-move-horizontal-short\" href=\"#\" target=\"_self\">\n\t<span class=\"qodef-m-text\">See more<\/span>\n\t\t<span class=\"qodef-m-icon\">\n\t\t<span class=\"qodef-m-icon-inner\">\n\t\t\t<svg xmlns=\"http:\/\/www.w3.org\/2000\/svg\" xmlns:xlink=\"http:\/\/www.w3.org\/1999\/xlink\" x=\"0px\" y=\"0px\" viewBox=\"0 0 6 8\" style=\"stroke:transparent\" xml:space=\"preserve\"><g>\t<polygon points=\"1.265,8 0,6.434 2.881,4 0,1.568 1.265,0 6,4  \"><\/polygon><\/g><\/svg>\t\t\t\t\t<\/span>\n\t<\/span>\n<\/a>\n\t\t\t\t<\/div>\n\t\t\t\t<\/div>\n\t\t\t\t\t<\/div>\n\t\t<\/div>\n\t\t\t\t\t<\/div>\n\t\t<\/section>\n\t\t\t\t<\/div>\n\t\t","protected":false},"excerpt":{"rendered":"<p>L\u00edDERES En soluciones hidr\u00e1ulicas Ingenier\u00eda, experiencia y soluciones confiables Surtibombas es una empresa especializada en el dise\u00f1o, suministro, instalaci\u00f3n y mantenimiento de sistemas hidr\u00e1ulicos, equipos de bombeo y soluciones electromec\u00e1nicas, orientadas a los sectores industrial, comercial, agroindustrial y residencial. Con m\u00e1s de 38 a\u00f1os de experiencia, hemos desarrollado soluciones eficientes y duraderas que permiten optimizar [&hellip;]<\/p>\n","protected":false},"author":1,"featured_media":0,"parent":0,"menu_order":0,"comment_status":"closed","ping_status":"closed","template":"qi-full-width.php","meta":{"footnotes":""},"class_list":["post-308","page","type-page","status-publish","hentry"],"_links":{"self":[{"href":"https:\/\/surtibombas.com\/index.php?rest_route=\/wp\/v2\/pages\/308","targetHints":{"allow":["GET"]}}],"collection":[{"href":"https:\/\/surtibombas.com\/index.php?rest_route=\/wp\/v2\/pages"}],"about":[{"href":"https:\/\/surtibombas.com\/index.php?rest_route=\/wp\/v2\/types\/page"}],"author":[{"embeddable":true,"href":"https:\/\/surtibombas.com\/index.php?rest_route=\/wp\/v2\/users\/1"}],"replies":[{"embeddable":true,"href":"https:\/\/surtibombas.com\/index.php?rest_route=%2Fwp%2Fv2%2Fcomments&post=308"}],"version-history":[{"count":4,"href":"https:\/\/surtibombas.com\/index.php?rest_route=\/wp\/v2\/pages\/308\/revisions"}],"predecessor-version":[{"id":1761,"href":"https:\/\/surtibombas.com\/index.php?rest_route=\/wp\/v2\/pages\/308\/revisions\/1761"}],"wp:attachment":[{"href":"https:\/\/surtibombas.com\/index.php?rest_route=%2Fwp%2Fv2%2Fmedia&parent=308"}],"curies":[{"name":"wp","href":"https:\/\/api.w.org\/{rel}","templated":true}]}}